[INFO] cloning repository https://github.com/Leixb/yeelight-cli
[INFO] running `Command { std: "git" "-c" "credential.helper=" "-c" "credential.helper=/workspace/cargo-home/bin/git-credential-null" "clone" "--bare" "https://github.com/Leixb/yeelight-cli" "/workspace/cache/git-repos/https%3A%2F%2Fgithub.com%2FLeixb%2Fyeelight-cli", kill_on_drop: false }`
[INFO] [stderr] Cloning into bare repository '/workspace/cache/git-repos/https%3A%2F%2Fgithub.com%2FLeixb%2Fyeelight-cli'...
[INFO] running `Command { std: "git" "rev-parse" "HEAD", kill_on_drop: false }`
[INFO] [stdout] 8d1881950d3b50c0484037a403a5761d955000a7
[INFO] checking Leixb/yeelight-cli against master#af3c6e733a40e671550e0f0f5aeecaa13772ba56 for pr-74989
[INFO] running `Command { std: "git" "clone" "/workspace/cache/git-repos/https%3A%2F%2Fgithub.com%2FLeixb%2Fyeelight-cli" "/workspace/builds/worker-13/source", kill_on_drop: false }`
[INFO] [stderr] Cloning into '/workspace/builds/worker-13/source'...
[INFO] [stderr] done.
[INFO] validating manifest of git repo https://github.com/Leixb/yeelight-cli on toolchain af3c6e733a40e671550e0f0f5aeecaa13772ba56
[INFO] running `Command { std: "/workspace/cargo-home/bin/cargo" "+af3c6e733a40e671550e0f0f5aeecaa13772ba56" "read-manifest" "--manifest-path" "Cargo.toml", kill_on_drop: false }`
[INFO] started tweaking git repo https://github.com/Leixb/yeelight-cli
[INFO] removed path dependency yeelight from git repo https://github.com/Leixb/yeelight-cli
[INFO] finished tweaking git repo https://github.com/Leixb/yeelight-cli
[INFO] tweaked toml for git repo https://github.com/Leixb/yeelight-cli written to /workspace/builds/worker-13/source/Cargo.toml
[INFO] crate git repo https://github.com/Leixb/yeelight-cli already has a lockfile, it will not be regenerated
[INFO] running `Command { std: "/workspace/cargo-home/bin/cargo" "+af3c6e733a40e671550e0f0f5aeecaa13772ba56" "fetch" "--locked" "--manifest-path" "Cargo.toml", kill_on_drop: false }`
[INFO] [stderr]     Updating crates.io index
[INFO] [stderr] error: the lock file /workspace/builds/worker-13/source/Cargo.lock needs to be updated but --locked was passed to prevent this
[INFO] [stderr] If you want to try to generate the lock file without accessing the network, use the --offline flag.
[INFO] the lockfile is outdated, regenerating it
[INFO] running `Command { std: "/workspace/cargo-home/bin/cargo" "+af3c6e733a40e671550e0f0f5aeecaa13772ba56" "generate-lockfile" "--manifest-path" "Cargo.toml" "-Zno-index-update", kill_on_drop: false }`
[INFO] running `Command { std: "/workspace/cargo-home/bin/cargo" "+af3c6e733a40e671550e0f0f5aeecaa13772ba56" "fetch" "--locked" "--manifest-path" "Cargo.toml", kill_on_drop: false }`
[INFO] [stderr]     Blocking waiting for file lock on package cache
[INFO] running `Command { std: "docker" "create" "-v" "/var/lib/crater-agent-workspace/builds/worker-13/target:/opt/rustwide/target:rw,Z" "-v" "/var/lib/crater-agent-workspace/builds/worker-13/source:/opt/rustwide/workdir:ro,Z" "-v" "/var/lib/crater-agent-workspace/cargo-home:/opt/rustwide/cargo-home:ro,Z" "-v" "/var/lib/crater-agent-workspace/rustup-home:/opt/rustwide/rustup-home:ro,Z" "-e" "SOURCE_DIR=/opt/rustwide/workdir" "-e" "CARGO_TARGET_DIR=/opt/rustwide/target" "-e" "CARGO_HOME=/opt/rustwide/cargo-home" "-e" "RUSTUP_HOME=/opt/rustwide/rustup-home" "-w" "/opt/rustwide/workdir" "-m" "1610612736" "--user" "0:0" "--network" "none" "rustops/crates-build-env@sha256:d92eaeed33fa75130ca1ee6c8a01d1ffb62bac859dfdfb3450e3e5d1c0146529" "/opt/rustwide/cargo-home/bin/cargo" "+af3c6e733a40e671550e0f0f5aeecaa13772ba56" "metadata" "--no-deps" "--format-version=1", kill_on_drop: false }`
[INFO] [stdout] a702c5075894b3fc8563361c4fd4699ce348d8dc25b5eacbdc8ddbe18a2a0336
[INFO] [stderr] WARNING: Your kernel does not support swap limit capabilities or the cgroup is not mounted. Memory limited without swap.
[INFO] running `Command { std: "docker" "start" "-a" "a702c5075894b3fc8563361c4fd4699ce348d8dc25b5eacbdc8ddbe18a2a0336", kill_on_drop: false }`
[INFO] running `Command { std: "docker" "inspect" "a702c5075894b3fc8563361c4fd4699ce348d8dc25b5eacbdc8ddbe18a2a0336", kill_on_drop: false }`
[INFO] running `Command { std: "docker" "rm" "-f" "a702c5075894b3fc8563361c4fd4699ce348d8dc25b5eacbdc8ddbe18a2a0336", kill_on_drop: false }`
[INFO] [stdout] a702c5075894b3fc8563361c4fd4699ce348d8dc25b5eacbdc8ddbe18a2a0336
[INFO] running `Command { std: "docker" "create" "-v" "/var/lib/crater-agent-workspace/builds/worker-13/target:/opt/rustwide/target:rw,Z" "-v" "/var/lib/crater-agent-workspace/builds/worker-13/source:/opt/rustwide/workdir:ro,Z" "-v" "/var/lib/crater-agent-workspace/cargo-home:/opt/rustwide/cargo-home:ro,Z" "-v" "/var/lib/crater-agent-workspace/rustup-home:/opt/rustwide/rustup-home:ro,Z" "-e" "SOURCE_DIR=/opt/rustwide/workdir" "-e" "CARGO_TARGET_DIR=/opt/rustwide/target" "-e" "CARGO_INCREMENTAL=0" "-e" "RUST_BACKTRACE=full" "-e" "RUSTFLAGS=--cap-lints=forbid" "-e" "CARGO_HOME=/opt/rustwide/cargo-home" "-e" "RUSTUP_HOME=/opt/rustwide/rustup-home" "-w" "/opt/rustwide/workdir" "-m" "1610612736" "--user" "0:0" "--network" "none" "rustops/crates-build-env@sha256:d92eaeed33fa75130ca1ee6c8a01d1ffb62bac859dfdfb3450e3e5d1c0146529" "/opt/rustwide/cargo-home/bin/cargo" "+af3c6e733a40e671550e0f0f5aeecaa13772ba56" "check" "--frozen" "--all" "--all-targets" "--message-format=json", kill_on_drop: false }`
[INFO] [stdout] dff99c306b6f780cd15f3cc060cd0a43606fba67c4acbf8d8645480a1b46c3a9
[INFO] [stderr] WARNING: Your kernel does not support swap limit capabilities or the cgroup is not mounted. Memory limited without swap.
[INFO] running `Command { std: "docker" "start" "-a" "dff99c306b6f780cd15f3cc060cd0a43606fba67c4acbf8d8645480a1b46c3a9", kill_on_drop: false }`
[INFO] [stderr]    Compiling syn v1.0.40
[INFO] [stderr]     Checking cfg-if v0.1.10
[INFO] [stderr]    Compiling unicode-segmentation v1.6.0
[INFO] [stderr]     Checking unicode-width v0.1.8
[INFO] [stderr]     Checking ansi_term v0.11.0
[INFO] [stderr]     Checking itoa v0.4.6
[INFO] [stderr]    Compiling proc-macro-error-attr v1.0.4
[INFO] [stderr]     Checking log v0.4.11
[INFO] [stderr]     Checking net2 v0.2.35
[INFO] [stderr]     Checking textwrap v0.11.0
[INFO] [stderr]    Compiling heck v0.3.1
[INFO] [stderr]     Checking clap v2.33.3
[INFO] [stderr]     Checking mio v0.6.22
[INFO] [stderr]    Compiling proc-macro-error v1.0.4
[INFO] [stderr]    Compiling serde_derive v1.0.116
[INFO] [stderr]    Compiling tokio-macros v0.2.5
[INFO] [stderr]    Compiling structopt-derive v0.4.10
[INFO] [stderr]     Checking tokio v0.2.22
[INFO] [stderr]     Checking structopt v0.3.17
[INFO] [stderr]     Checking serde v1.0.116
[INFO] [stderr]     Checking serde_json v1.0.57
[INFO] [stderr]     Checking yeelight v0.3.0
[INFO] [stderr]     Checking yeelight-cli v0.2.0 (/opt/rustwide/workdir)
[INFO] [stdout] error[E0425]: cannot find function, tuple struct or tuple variant `QuotedString` in crate `yeelight`
[INFO] [stdout]    --> src/main.rs:234:60
[INFO] [stdout]     |
[INFO] [stdout] 234 |             Prop::Name { name } => bulb.set_name(yeelight::QuotedString(name)).await,
[INFO] [stdout]     |                                                            ^^^^^^^^^^^^ not found in `yeelight`
[INFO] [stdout] 
[INFO] [stdout] 
[INFO] [stdout] error[E0425]: cannot find function, tuple struct or tuple variant `QuotedString` in crate `yeelight`
[INFO] [stdout]    --> src/main.rs:266:65
[INFO] [stdout]     |
[INFO] [stdout] 266 |             bulb.set_music(yeelight::MusicAction::On, yeelight::QuotedString(host), port).await
[INFO] [stdout]     |                                                                 ^^^^^^^^^^^^ not found in `yeelight`
[INFO] [stdout] 
[INFO] [stdout] 
[INFO] [stdout] error[E0425]: cannot find function, tuple struct or tuple variant `QuotedString` in crate `yeelight`
[INFO] [stdout]    --> src/main.rs:268:84
[INFO] [stdout]     |
[INFO] [stdout] 268 |         Command::MusicStop => bulb.set_music(yeelight::MusicAction::Off, yeelight::QuotedString("".to_string()), 0).await,
[INFO] [stdout]     |                                                                                    ^^^^^^^^^^^^ not found in `yeelight`
[INFO] [stdout] 
[INFO] [stdout] 
[INFO] [stdout] error[E0425]: cannot find function, tuple struct or tuple variant `QuotedString` in crate `yeelight`
[INFO] [stdout]    --> src/main.rs:234:60
[INFO] [stdout]     |
[INFO] [stdout] 234 |             Prop::Name { name } => bulb.set_name(yeelight::QuotedString(name)).await,
[INFO] [stdout]     |                                                            ^^^^^^^^^^^^ not found in `yeelight`
[INFO] [stdout] 
[INFO] [stdout] 
[INFO] [stdout] error[E0425]: cannot find function, tuple struct or tuple variant `QuotedString` in crate `yeelight`
[INFO] [stdout]    --> src/main.rs:266:65
[INFO] [stdout]     |
[INFO] [stdout] 266 |             bulb.set_music(yeelight::MusicAction::On, yeelight::QuotedString(host), port).await
[INFO] [stdout]     |                                                                 ^^^^^^^^^^^^ not found in `yeelight`
[INFO] [stdout] 
[INFO] [stdout] 
[INFO] [stdout] error[E0425]: cannot find function, tuple struct or tuple variant `QuotedString` in crate `yeelight`
[INFO] [stdout]    --> src/main.rs:268:84
[INFO] [stdout]     |
[INFO] [stdout] 268 |         Command::MusicStop => bulb.set_music(yeelight::MusicAction::Off, yeelight::QuotedString("".to_string()), 0).await,
[INFO] [stdout]     |                                                                                    ^^^^^^^^^^^^ not found in `yeelight`
[INFO] [stdout] 
[INFO] [stdout] 
[INFO] [stdout] error: aborting due to 3 previous errors
[INFO] [stdout] 
[INFO] [stdout] 
[INFO] [stdout] For more information about this error, try `rustc --explain E0425`.
[INFO] [stdout] 
[INFO] [stderr] error: could not compile `yeelight-cli`.
[INFO] [stderr] 
[INFO] [stderr] To learn more, run the command again with --verbose.
[INFO] [stderr] warning: build failed, waiting for other jobs to finish...
[INFO] [stdout] error: aborting due to 3 previous errors
[INFO] [stdout] 
[INFO] [stdout] 
[INFO] [stdout] For more information about this error, try `rustc --explain E0425`.
[INFO] [stdout] 
[INFO] [stderr] error: build failed
[INFO] running `Command { std: "docker" "inspect" "dff99c306b6f780cd15f3cc060cd0a43606fba67c4acbf8d8645480a1b46c3a9", kill_on_drop: false }`
[INFO] running `Command { std: "docker" "rm" "-f" "dff99c306b6f780cd15f3cc060cd0a43606fba67c4acbf8d8645480a1b46c3a9", kill_on_drop: false }`
[INFO] [stdout] dff99c306b6f780cd15f3cc060cd0a43606fba67c4acbf8d8645480a1b46c3a9
